2). Suppose -x = 4*x - 25. Calculate the highest common divisor of x and h.
5
Suppose 0 = 9*j - 47 - 169. Let n(p) = 217*p**3 - 2*p**2 + 1. Let f be n(1). Calculate the greatest common factor of f and j.
24
Suppose -2*f + 61 = 7. Let r = 73 - f. Calculate the greatest common divisor of r and 23.
23
Let a(h) = -h**3 + 5*h**2 - 3*h - 1. Let f be a(4). Let i = -3 + f. Suppose i = -2*v + v + 5, 5*v = -4*x + 49. Calculate the greatest common factor of x and 3.
3
Let c = -5 + 8. Suppose -c*l = -7*l + 72. Let n = -56 + 101. Calculate the highest common factor of l and n.
9
Suppose 112 = 20*g - 88. Suppose 0 = -0*x - 4*x + 80. Calculate the highest common divisor of g and x.
10
Let r(l) = l**3 + l**2 + l + 6. Let t(x) = -x**2 + 10*x + 6. Let b be t(10). Let p = b - 6. Let o be r(p). What is the greatest common factor of o and 30?
6
Let r be (-2 + 6/5)*-5. Let j be 1*(-6 + 4) - -47. Suppose j = r*w + w. Calculate the highest common divisor of 72 and w.
9
Suppose 4*z - 12 = -l, -2*z + 92 = 5*l + 2*z. What is the greatest common divisor of l and 8?
4
Let y(b) = 29*b + 1. Let g be y(2). Suppose 5*w - 154 = 261. Let f = w - g. What is the highest common factor of 36 and f?
12
Suppose -56 = -l - 3*l. Let f = 284 + -186. Calculate the highest common divisor of f and l.
14
Let p = 35 + 29. What is the greatest common factor of 16 and p?
16
Suppose 4*k + 18 + 0 = i, 2*k + 10 = 0. Let p be (1*4)/(i/(-7)). What is the highest common factor of 35 and p?
7
Let d(o) = o**3 - 4*o**2 + 4*o - 2. Let k be d(2). Let f be (k/2)/((-2)/(-62)). Let a be f/(-3) - 4/(-6). Calculate the greatest common factor of 88 and a.
11
Let p = 9 - 4. Suppose 8 = -d - 3*d - 4*g, -2*g = 4. Let m be 3/(-3)*(-1 + d). What is the greatest common divisor of m and p?
1
Suppose -20 = -3*k + 1. Calculate the highest common divisor of 63 and k.
7
Let y = -18 + 22. What is the highest common factor of y and 12?
4
Let m = 10 + -5. Let f = -14 + m. Let p = f + 23. Calculate the greatest common divisor of 21 and p.
7
Let d = -10 + 28. Suppose 3*h + 0*h + 33 = 2*w, -5*w + 2*h = -55. What is the highest common factor of w and d?
9
Let y(v) = v + 12. Let s be y(-10). What is the highest common divisor of 16 and s?
2
Suppose 0 = 13*m - 44 - 190. Suppose -3*r - 135 = -8*r. Calculate the greatest common factor of m and r.
9
Let l(a) = -a. Let g be l(-5). Suppose 4*m = g + 3. Let h = 7 - m. What is the highest common factor of 1 and h?
1
Let b = 3 + 8. Suppose 5*w - 1 - 4 = 0. Calculate the highest common factor of b and w.
1
Suppose 589 = 5*t - 731. Calculate the highest common divisor of t and 24.
24
Suppose -p = l + 2, 4*l = -p + 3*p + 4. Suppose l = 5*v - v - 28. Calculate the greatest common factor of v and 1.
1
Let g be (-6)/15 - (-154)/10. Let a = 24 - g. Let c be 6 - a - (1 + -15). What is the greatest common factor of c and 88?
11
Let j(b) = b - 2. Let k be j(5). Calculate the highest common factor of 33 and k.
3
Let i = -25 - -32. What is the greatest common factor of i and 1?
1
Suppose 2*d + 4*u - 47 = -13, -5*u - 7 = -2*d. Let r = -6 + d. What is the greatest common divisor of 5 and r?
5
Let c be 16/(-5)*(-375)/6. What is the greatest common factor of 25 and c?
25
Let p(c) = -81*c - 3. Let t be p(-3). What is the highest common factor of t and 15?
15
Suppose 0 = 3*n - 4 + 1. Suppose n + 4 = x. Let f be x/7 + 6/21. What is the highest common factor of f and 8?
1
Let q(j) = -j**3 - 9*j**2 - j + 3. Let l be (-1)/4 + (-242)/(-8). Suppose 3*h + l = 3. Let t be q(h). Calculate the greatest common divisor of 12 and t.
12
Suppose 4*h = -0*x - 5*x + 124, 2*h - 56 = -x. Let j = h - 19. What is the greatest common divisor of 7 and j?
7
Suppose -4*k + 567 = -k. What is the greatest common divisor of 21 and k?
21
Suppose -a = -2*a + 1. Let m = 29 + a. Let w = -8 + 23. Calculate the highest common factor of m and w.
15
Let p be 75/10 - 6 - 122/(-4). Calculate the highest common factor of p and 128.
32
Suppose 0 = 2*n - 53 - 73. What is the greatest common divisor of n and 9?
9
Let l(x) = 16*x - 4. Let k be l(5). Let i = k + 67. Let v(o) = 14*o - 1. Let d be v(1). What is the highest common divisor of d and i?
13
Suppose 5*k = -l + 92, k - 5 = 3*l + 7. Suppose -2 = 5*w - 17. Let x = 15 - w. What is the greatest common divisor of x and k?
6
Let o(w) = 5*w - 10. Let a(u) = u**2 - 2*u. Let v be a(4). Let t be o(v). Suppose 0*h = 3*h - 30. Calculate the highest common divisor of t and h.
10
Let j be -3 + 0 + (3 - -1). Let w be 1 + 16 + (-2)/j. Calculate the greatest common factor of w and 15.
15
Let x be (-8)/(-1) - (4 - 2). Let m = -1 - -67. Calculate the highest common divisor of x and m.
6
Suppose -100 = -5*m - 0*s - s, -3*m = -3*s - 60. Suppose 0 = -d, -5*u + 2*d - 44 = -294. Calculate the greatest common factor of m and u.
10
Let s be (1 + 3)*(-40)/(-10). Calculate the greatest common divisor of s and 8.
8
Let s = 64 - 19. Calculate the highest common divisor of 18 and s.
9
Let q(r) = r**3 - 8*r**2 - 6*r - 7. Let a be q(9). Let t = -10 + a. Let y be ((-24)/t)/(12/(-200)). What is the greatest common divisor of y and 8?
8
Suppose 2*c + 3*k = 83, 15 - 3 = 4*k. Suppose -5*u + c + 68 = 5*n, 3*n + 9 = u. Let d be 4/26 - (-7014)/39. Calculate the greatest common factor of u and d.
18
Let t be 6/15 + 38/5. Calculate the highest common factor of t and 56.
8
Let p = 63 - 43. Suppose -5*a = 10, 0*w - p = -4*w - 2*a. Suppose -3*m + w*m - 18 = 0. Calculate the highest common divisor of m and 48.
6
Suppose 0*f - 44 = -4*f. Let n(y) = y**3 + 11*y**2 + 4. Let s be n(-11). Suppose p = 5*r - 4*p - 55, -s*p = 0. Calculate the greatest common factor of f and r.
11
Let t = 69 - 54. What is the greatest common divisor of t and 10?
5
Suppose -j + 8 = j. Let a(r) = -3*r - 17. Let o be a(-11). What is the greatest common factor of o and j?
4
Suppose 43 = -h - 5*c, 0*h = 5*h + 5*c + 115. Let y be 2 + 1/((-3)/h). Suppose -3*j + y*j - 60 = 0. Calculate the highest common factor of 6 and j.
6
Let o = -30 + 33. Calculate the highest common divisor of 9 and o.
3
Let b be (8/10)/((-2)/(-5)). Suppose 0 = -3*s - 2*i + 46, 4*s + 4*i = -i + 52. What is the greatest common divisor of s and b?
2
Suppose -h - 5*q = -7*q - 3, 4*q = -4*h + 24. Let m(r) = 15*r**2 - r + r. Let l be m(1). What is the greatest common divisor of h and l?
5
Let o(l) = l + 1. Let v be o(-1). Suppose 2*x + v = 14. Suppose 3*t + 3*i - 193 = -i, 0 = -4*t - i + 253. Calculate the greatest common divisor of x and t.
7
Suppose 0 = -2*u - 2*j + 22, 3*u - 2*j = 2*u + 26. Let g be 81/(4/u*4). What is the highest common divisor of g and 9?
9
Let k(j) = -2*j - 3. Let x(n) = -n**2 - 2*n + 2. Let a be x(-4). Let b be k(a). Let d be 3*(-4)/((-20)/15). What is the greatest common divisor of b and d?
9
Let t = 83 - 59. What is the greatest common divisor of 6 and t?
6
Suppose 5*b = -7*b + 204. What is the highest common divisor of 51 and b?
17
Suppose 0 = 2*b - 6*b + 32. Suppose 5*z - 12 - b = 0. Let v(p) = p**3 - 6*p**2 + 7*p - 6. Let m be v(6). What is the greatest common divisor of z and m?
4
Let k be 13/(4/(21 + -1)). Calculate the greatest common factor of k and 13.
13
Suppose 0 = 3*w + 4*q - 124 + 32, 0 = 5*w - q - 138. Suppose -2*v - w = -3*k, 41 = 4*k + 3*v - 2*v. What is the greatest common factor of k and 2?
2
Let g be 3*(-6)/(-9)*1. Calculate the greatest common factor of g and 2.
2
Let f = 13 + 11. What is the highest common factor of f and 60?
12
Let t be (-104)/(-20) - (-1)/(-5). Suppose 0 = -2*s + i + 4, 7*s - 15 = 2*s + t*i. What is the highest common factor of 1 and s?
1
Suppose -15 = a - 6*a. Let t(f) = -2*f**2 + 1 + 2*f**2 + 4*f**a. Let l be t(1). Calculate the greatest common factor of 5 and l.
5
Let r(k) = -k**3 + 7*k**2 - k - 4. Let n be r(4). Calculate the highest common divisor of 16 and n.
8
Let n = 7 + -4. Suppose -r + 46 = n*o, 2*o = -0*o - 2*r + 32. Suppose -25 = -v + 4*p, -p = 2*p - o. Calculate the highest common divisor of v and 15.
15
Suppose -g + 8 = 3, 0 = 2*t - 2*g - 22. Let r = -16 - -15. Let w(j) = 9*j**2 + 2*j + 1. Let a be w(r). Calculate the greatest common divisor of a and t.
8
Suppose 6 + 54 = 4*m. Suppose 3*p - 2 = 7. Let a(i) = i**3 - 2*i**2 - 3. Let d be a(p). What is the greatest common factor of d and m?
3
Let n = -14 + 32. What is the h